{"id":409,"date":"2023-09-11T12:30:48","date_gmt":"2023-09-11T12:30:48","guid":{"rendered":"https:\/\/wiva-massage.ch\/?page_id=409"},"modified":"2025-11-19T10:27:06","modified_gmt":"2025-11-19T10:27:06","slug":"klassische-massage","status":"publish","type":"page","link":"https:\/\/wiva-massage.ch\/?page_id=409","title":{"rendered":"Klassische Massage"},"content":{"rendered":"\t\t<div data-elementor-type=\"wp-page\" data-elementor-id=\"409\" class=\"elementor elementor-409\">\n\t\t\t\t\t\t<section class=\"elementor-section elementor-top-section elementor-element elementor-element-e53dd4d elementor-section-boxed elementor-section-height-default elementor-section-height-default\" data-id=\"e53dd4d\" data-element_type=\"section\">\n\t\t\t\t\t\t<div class=\"elementor-container elementor-column-gap-default\">\n\t\t\t\t\t<div class=\"elementor-column elementor-col-100 elementor-top-column elementor-element elementor-element-27cc24a\" data-id=\"27cc24a\" data-element_type=\"column\">\n\t\t\t<div class=\"elementor-widget-wrap elementor-element-populated\">\n\t\t\t\t\t\t<div class=\"elementor-element elementor-element-3f0e04e elementor-widget elementor-widget-image\" data-id=\"3f0e04e\" data-element_type=\"widget\" data-widget_type=\"image.default\">\n\t\t\t\t<div class=\"elementor-widget-container\">\n\t\t\t\t\t\t\t\t\t\t\t\t\t\t\t<img decoding=\"async\" src=\"https:\/\/wiva-massage.ch\/wp-content\/uploads\/2023\/09\/canva-klassisch-1366.png\" title=\"Klassische Massage\" alt=\"Klassische Massage\" loading=\"lazy\" \/>\t\t\t\t\t\t\t\t\t\t\t\t\t\t\t<\/div>\n\t\t\t\t<\/div>\n\t\t\t\t<div class=\"elementor-element elementor-element-28d97f9 elementor-widget elementor-widget-spacer\" data-id=\"28d97f9\" data-element_type=\"widget\" data-widget_type=\"spacer.default\">\n\t\t\t\t<div class=\"elementor-widget-container\">\n\t\t\t\t\t\t\t<div class=\"elementor-spacer\">\n\t\t\t<div class=\"elementor-spacer-inner\"><\/div>\n\t\t<\/div>\n\t\t\t\t\t\t<\/div>\n\t\t\t\t<\/div>\n\t\t\t\t\t<\/div>\n\t\t<\/div>\n\t\t\t\t\t<\/div>\n\t\t<\/section>\n\t\t\t\t<section class=\"elementor-section elementor-top-section elementor-element elementor-element-a07e24c elementor-section-boxed elementor-section-height-default elementor-section-height-default\" data-id=\"a07e24c\" data-element_type=\"section\">\n\t\t\t\t\t\t<div class=\"elementor-container elementor-column-gap-default\">\n\t\t\t\t\t<div class=\"elementor-column elementor-col-100 elementor-top-column elementor-element elementor-element-cb409b7\" data-id=\"cb409b7\" data-element_type=\"column\">\n\t\t\t<div class=\"elementor-widget-wrap elementor-element-populated\">\n\t\t\t\t\t\t<div class=\"elementor-element elementor-element-6ba2300 elementor-widget elementor-widget-text-editor\" data-id=\"6ba2300\" data-element_type=\"widget\" data-widget_type=\"text-editor.default\">\n\t\t\t\t<div class=\"elementor-widget-container\">\n\t\t\t\t\t\t\t\t\t<span style=\"color: #1e1e1e; font-size: 1.0em;\">Sie f\u00f6rdert die Durchblutung und regt den Stoffwechsel an. Die Muskulatur wird entspannt und die Verschiebbarkeit der einzelnen Gewebeschichten untereinander gef\u00f6rdert. Verklebungen und Verh\u00e4rtungen werden gel\u00f6st.<\/span>\t\t\t\t\t\t\t\t<\/div>\n\t\t\t\t<\/div>\n\t\t\t\t\t<\/div>\n\t\t<\/div>\n\t\t\t\t\t<\/div>\n\t\t<\/section>\n\t\t\t\t<section class=\"elementor-section elementor-top-section elementor-element elementor-element-97e2f93 elementor-section-boxed elementor-section-height-default elementor-section-height-default\" data-id=\"97e2f93\" data-element_type=\"section\">\n\t\t\t\t\t\t<div class=\"elementor-container elementor-column-gap-default\">\n\t\t\t\t\t<div class=\"elementor-column elementor-col-50 elementor-top-column elementor-element elementor-element-060fc75\" data-id=\"060fc75\" data-element_type=\"column\">\n\t\t\t<div class=\"elementor-widget-wrap elementor-element-populated\">\n\t\t\t\t\t\t<div class=\"elementor-element elementor-element-e041cbf elementor-widget elementor-widget-text-editor\" data-id=\"e041cbf\" data-element_type=\"widget\" data-widget_type=\"text-editor.default\">\n\t\t\t\t<div class=\"elementor-widget-container\">\n\t\t\t\t\t\t\t\t\t<strong>Anwendung der klassischen Massage<\/strong>\n<ul>\n \t<li>R\u00fcckenschmerzen<\/li>\n \t<li>Nackenschmerzen<\/li>\n \t<li>Verspannungen der Muskulatur<\/li>\n \t<li>Verh\u00e4rtungen der Muskulatur<\/li>\n \t<li>Kopfschmerzen<\/li>\n \t<li>Stress<\/li>\n \t<li>Schlafst\u00f6rungen<\/li>\n \t<li>Verdauungsst\u00f6rungen<\/li>\n<\/ul>\t\t\t\t\t\t\t\t<\/div>\n\t\t\t\t<\/div>\n\t\t\t\t\t<\/div>\n\t\t<\/div>\n\t\t\t\t<div class=\"elementor-column elementor-col-50 elementor-top-column elementor-element elementor-element-e4b0377\" data-id=\"e4b0377\" data-element_type=\"column\">\n\t\t\t<div class=\"elementor-widget-wrap elementor-element-populated\">\n\t\t\t\t\t\t<div class=\"elementor-element elementor-element-0adda66 elementor-widget elementor-widget-text-editor\" data-id=\"0adda66\" data-element_type=\"widget\" data-widget_type=\"text-editor.default\">\n\t\t\t\t<div class=\"elementor-widget-container\">\n\t\t\t\t\t\t\t\t\t<strong>Allgemeine Wirkung<\/strong>\n<ul>\n \t<li>Lokale Steigerung der Durchblutung<\/li>\n \t\n<li>Entspannung der Muskulatur<\/li>\n<li>Schmerzlinderung<\/li>\n<li>Entschlackung des Gewebes<\/li>\n<li>Psychische Entspannung<\/li>\n<li>Reduktion von Stresshormonen<\/li>\n<li>Verbesserung des Zellstoffwechsels im Gewebe<\/li>\n<li>Entspannung der Haut<\/li>\n<li>Entspannung des Bindehautgewebes<\/li>\n<li>Beeinflussung des vegetativen Nervensystems<\/li>\n<\/ul>\n\t\t\t\t\t\t\t\t<\/div>\n\t\t\t\t<\/div>\n\t\t\t\t\t<\/div>\n\t\t<\/div>\n\t\t\t\t\t<\/div>\n\t\t<\/section>\n\t\t\t\t<section class=\"elementor-section elementor-top-section elementor-element elementor-element-0faf885 elementor-section-boxed elementor-section-height-default elementor-section-height-default\" data-id=\"0faf885\" data-element_type=\"section\">\n\t\t\t\t\t\t<div class=\"elementor-container elementor-column-gap-default\">\n\t\t\t\t\t<div class=\"elementor-column elementor-col-100 elementor-top-column elementor-element elementor-element-2849342\" data-id=\"2849342\" data-element_type=\"column\">\n\t\t\t<div class=\"elementor-widget-wrap elementor-element-populated\">\n\t\t\t\t\t\t<div class=\"elementor-element elementor-element-6651da8 elementor-widget elementor-widget-text-editor\" data-id=\"6651da8\" data-element_type=\"widget\" data-widget_type=\"text-editor.default\">\n\t\t\t\t<div class=\"elementor-widget-container\">\n\t\t\t\t\t\t\t\t\t<strong>Wann wird die Massage nicht angewendet<\/strong>\n<span style=\"color: #1e1e1e; font-size: 1.0em;\"><br><\/br>\nGenerell gilt bei allen akuten Entz\u00fcndungen ein absolutes \u00abNein\u00bb f\u00fcr Massagen. Dazu z\u00e4hlen fieberhafte Erkrankungen, da der K\u00f6rper bereits stark beansprucht ist, und durch die Massage zus\u00e4tzlich belastet wird. <\/span>Bei Hauterkrankungen kann der Kontakt zu Verschlechterung der Krankheit, Verschleppung der Keime oder Ansteckung des Therapeuten f\u00fchren.\t\t\t\t\t\t\t\t<\/div>\n\t\t\t\t<\/div>\n\t\t\t\t<div class=\"elementor-element elementor-element-e9cac38 elementor-widget elementor-widget-text-editor\" data-id=\"e9cac38\" data-element_type=\"widget\" data-widget_type=\"text-editor.default\">\n\t\t\t\t<div class=\"elementor-widget-container\">\n\t\t\t\t\t\t\t\t\t<p>Stundenansatz:<\/p>\n<ul>\n<li>CHF 120.- &nbsp;&nbsp; pro 60 Minuten<\/li>\n<\/ul>\t\t\t\t\t\t\t\t<\/div>\n\t\t\t\t<\/div>\n\t\t\t\t<div class=\"elementor-element elementor-element-8228f7d elementor-widget elementor-widget-spacer\" data-id=\"8228f7d\" data-element_type=\"widget\" data-widget_type=\"spacer.default\">\n\t\t\t\t<div class=\"elementor-widget-container\">\n\t\t\t\t\t\t\t<div class=\"elementor-spacer\">\n\t\t\t<div class=\"elementor-spacer-inner\"><\/div>\n\t\t<\/div>\n\t\t\t\t\t\t<\/div>\n\t\t\t\t<\/div>\n\t\t\t\t\t<\/div>\n\t\t<\/div>\n\t\t\t\t\t<\/div>\n\t\t<\/section>\n\t\t\t\t<section class=\"elementor-section elementor-top-section elementor-element elementor-element-e705560 elementor-section-boxed elementor-section-height-default elementor-section-height-default\" data-id=\"e705560\" data-element_type=\"section\">\n\t\t\t\t\t\t<div class=\"elementor-container elementor-column-gap-default\">\n\t\t\t\t\t<div class=\"elementor-column elementor-col-100 elementor-top-column elementor-element elementor-element-f9ccf55\" data-id=\"f9ccf55\" data-element_type=\"column\">\n\t\t\t<div class=\"elementor-widget-wrap elementor-element-populated\">\n\t\t\t\t\t\t<div class=\"elementor-element elementor-element-72deacd elementor-widget elementor-widget-heading\" data-id=\"72deacd\" data-element_type=\"widget\" data-widget_type=\"heading.default\">\n\t\t\t\t<div class=\"elementor-widget-container\">\n\t\t\t\t\t<h4 class=\"elementor-heading-title elementor-size-default\">Bitte beachten Sie, dass ich als diplomierte Berufsmasseurin keine schulmedizinischen Diagnosen erstellen und Arztvisiten anbieten darf.<\/h4>\t\t\t\t<\/div>\n\t\t\t\t<\/div>\n\t\t\t\t\t<\/div>\n\t\t<\/div>\n\t\t\t\t\t<\/div>\n\t\t<\/section>\n\t\t\t\t<section class=\"elementor-section elementor-top-section elementor-element elementor-element-44f5736 elementor-section-boxed elementor-section-height-default elementor-section-height-default\" data-id=\"44f5736\" data-element_type=\"section\">\n\t\t\t\t\t\t<div class=\"elementor-container elementor-column-gap-default\">\n\t\t\t\t\t<div class=\"elementor-column elementor-col-100 elementor-top-column elementor-element elementor-element-d0f2160\" data-id=\"d0f2160\" data-element_type=\"column\">\n\t\t\t<div class=\"elementor-widget-wrap elementor-element-populated\">\n\t\t\t\t\t\t\t<\/div>\n\t\t<\/div>\n\t\t\t\t\t<\/div>\n\t\t<\/section>\n\t\t\t\t<section class=\"elementor-section elementor-top-section elementor-element elementor-element-a035a1c elementor-section-boxed elementor-section-height-default elementor-section-height-default\" data-id=\"a035a1c\" data-element_type=\"section\">\n\t\t\t\t\t\t<div class=\"elementor-container elementor-column-gap-default\">\n\t\t\t\t\t<div class=\"elementor-column elementor-col-100 elementor-top-column elementor-element elementor-element-42ebe75\" data-id=\"42ebe75\" data-element_type=\"column\">\n\t\t\t<div class=\"elementor-widget-wrap\">\n\t\t\t\t\t\t\t<\/div>\n\t\t<\/div>\n\t\t\t\t\t<\/div>\n\t\t<\/section>\n\t\t\t\t<\/div>\n\t\t","protected":false},"excerpt":{"rendered":"<p>Sie f\u00f6rdert die Durchblutung und regt den Stoffwechsel an. Die Muskulatur wird entspannt und die Verschiebbarkeit der einzelnen Gewebeschichten untereinander gef\u00f6rdert. Verklebungen und Verh\u00e4rtungen werden gel\u00f6st.Anwendung der klassischen Massage R\u00fcckenschmerzen &hellip; <\/p>\n","protected":false},"author":1,"featured_media":0,"parent":0,"menu_order":11,"comment_status":"closed","ping_status":"closed","template":"elementor_header_footer","meta":{"footnotes":""},"class_list":["post-409","page","type-page","status-publish","hentry"],"_links":{"self":[{"href":"https:\/\/wiva-massage.ch\/index.php?rest_route=\/wp\/v2\/pages\/409","targetHints":{"allow":["GET"]}}],"collection":[{"href":"https:\/\/wiva-massage.ch\/index.php?rest_route=\/wp\/v2\/pages"}],"about":[{"href":"https:\/\/wiva-massage.ch\/index.php?rest_route=\/wp\/v2\/types\/page"}],"author":[{"embeddable":true,"href":"https:\/\/wiva-massage.ch\/index.php?rest_route=\/wp\/v2\/users\/1"}],"replies":[{"embeddable":true,"href":"https:\/\/wiva-massage.ch\/index.php?rest_route=%2Fwp%2Fv2%2Fcomments&post=409"}],"version-history":[{"count":174,"href":"https:\/\/wiva-massage.ch\/index.php?rest_route=\/wp\/v2\/pages\/409\/revisions"}],"predecessor-version":[{"id":1965,"href":"https:\/\/wiva-massage.ch\/index.php?rest_route=\/wp\/v2\/pages\/409\/revisions\/1965"}],"wp:attachment":[{"href":"https:\/\/wiva-massage.ch\/index.php?rest_route=%2Fwp%2Fv2%2Fmedia&parent=409"}],"curies":[{"name":"wp","href":"https:\/\/api.w.org\/{rel}","templated":true}]}}